 -35?
7c
In base 4, what is 0 - -331010?
331010
In base 9, what is -875 + -4?
-880
In base 2, what is 10110111 - 10?
10110101
In base 16, what is 2b + 1?
2c
In base 12, what is -200 - 4?
-204
In base 4, what is -30 + -11?
-101
In base 16, what is 1d - 5?
18
In base 16, what is 194 - -1d?
1b1
In base 10, what is 193 + -4?
189
In base 4, what is -21030 - 3?
-21033
In base 15, what is 4 + 81?
85
In base 3, what is 102200 + -10?
102120
In base 4, what is -11 + 100131?
100120
In base 4, what is 132233 + -2?
132231
In base 10, what is -39 - -1?
-38
In base 7, what is 160 - 5?
152
In base 9, what is 538 + 5?
544
In base 14, what is -162 - 4?
-166
In base 10, what is -7 + 1?
-6
In base 13, what is 2 + -537?
-535
In base 9, what is 148 - -8?
157
In base 9, what is -832 + 6?
-825
In base 2, what is 1100111 - 10010?
1010101
In base 6, what is 4 - 540?
-532
In base 16, what is -16 - 11f?
-135
In base 2, what is 1000111 + 100?
1001011
In base 9, what is -7133 - 1?
-7134
In base 2, what is 11 - 1001100110?
-1001100011
In base 4, what is -3112 + -1?
-3113
In base 15, what is -222 + -1e?
-241
In base 13, what is -4 - -1ca?
1c6
In base 16, what is -19f - -5?
-19a
In base 5, what is -10 + -140?
-200
In base 11, what is -3 + 468?
465
In base 8, what is 4 + -231?
-225
In base 6, what is -3 - 25?
-32
In base 6, what is -5 - 102?
-111
In base 5, what is -13101 - -1?
-13100
In base 11, what is 4119 + 5?
4123
In base 3, what is 1210 + -12?
1121
In base 12, what is 53a + 2?
540
In base 11, what is 258 - 0?
258
In base 11, what is -4 + -1989?
-1992
In base 6, what is -3 - 22503?
-22510
In base 9, what is -27 + -145?
-173
In base 10, what is 3 - 7292?
-7289
In base 2, what is 1 - 1011?
-1010
In base 14, what is 0 - -28?
28
In base 2, what is 10110000110 - 111?
10101111111
In base 3, what is -22211 - -10011?
-12200
In base 5, what is -4 - -403?
344
In base 5, what is -10 - -122?
112
In base 5, what is 12210 + 3?
12213
In base 11, what is -80a + 0?
-80a
In base 12, what is 5 + -9?
-4
In base 14, what is 15b + -d?
14c
In base 14, what is ac - -3?
b1
In base 13, what is 8a4 - -3?
8a7
In base 10, what is 5 + -223?
-218
In base 3, what is -12121112 + -10?
-12121122
In base 16, what is 10 - 8?
8
In base 13, what is -24 + -2?
-26
In base 10, what is 3 - 2?
1
In base 7, what is 5541 + 1?
5542
In base 3, what is 2211002 + 10?
2211012
In base 15, what is 3 - 22a?
-227
In base 7, what is 136 + 13?
152
In base 2, what is -11 - 10110?
-11001
In base 15, what is 239 + 3?
23c
In base 3, what is 2 + 1111?
1120
In base 9, what is 61 - -155?
226
In base 4, what is -10 - 2121?
-2131
In base 13, what is 1455 + 1?
1456
In base 7, what is -2 + -23?
-25
In base 10, what is -78 + -3?
-81
In base 13, what is 1 + -34?
-33
In base 3, what is 211121 - 10?
211111
In base 6, what is -222 - 14?
-240
In base 4, what is 32 - -30?
122
In base 14, what is -4 - 6?
-a
In base 14, what is 1456 - -3?
1459
In base 6, what is 44 - -103?
151
In base 8, what is -3465 + -3?
-3470
In base 16, what is f - -4a?
59
In base 3, what is 12 - 101012?
-101000
In base 4, what is 102 + 1001?
1103
In base 6, what is -4 + 13?
5
In base 5, what is -32 + -10?
-42
In base 10, what is -3 - -39?
36
In base 3, what is 1 + -120?
-112
In base 7, what is 46 - 3?
43
In base 8, what is -1 - 25?
-26
In base 7, what is -24 - -224?
200
In base 2, what is -1000011 - -100?
-111111
In base 7, what is -342 - 431?
-1103
In base 3, what is 11 + 110000?
110011
In base 12, what is 688 + -5?
683
In base 15, what is -4 - -77?
73
In base 8, what is 0 - 3?
-3
In base 4, what is -112331 + -1?
-112332
In base 7, what is -64 + 1?
-63
In base 12, what is 27 - -257?
282
In base 9, what is -142 + -1?
-143
In base 3, what is 11 - 1010120?
-1010102
In base 10, what is -5 + 252?
247
In base 6, what is 5 + 23?
32
In base 13, what is -5 - 44a?
-452
In base 4, what is 11 + 132103?
132120
In base 8, what is -1071 - 14?
-1105
In base 6, what is -4 - -122?
114
In base 9, what is 1515 + 6?
1522
In base 2, what is -101 + -100111?
-101100
In base 5, what is -1330302 + 0?
-1330302
In base 15, what is -5 + -c7?
-cc
In base 6, what is -1010 + -3?
-1013
In base 9, what is 7 - -607?
615
In base 8, what is -12667 + 4?
-12663
In base 13, what is 54 + 7b?
102
In base 5, what is 3 - -2411?
2414
In base 11, what is -14 + -3a?
-53
In base 13, what is -1 - 247?
-248
In base 16, what is 17c + 3?
17f
In base 11, what is 7 + 93?
9a
In base 10, what is 5 - 37?
-32
In base 6, what is -3 - -100313?
100310
In base 16, what is 30 + 3?
33
In base 6, what is -51 - -201?
110
In base 5, what is 2 + -412?
-410
In base 5, what is 14 - 31?
-12
In base 7, what is -4 - -141?
134
In base 12, what is -127 + 4?
-123
In base 10, what is -14 + -24?
-38
In base 8, what is -1 + -27?
-30
In base 15, what is 429 + -5?
424
In base 5, what is 11341 - -103?
11444
In base 10, what is -4 - -22?
18
In base 3, what is -1102 + -211?
-2020
In base 15, what is -3 + 33c?
339
In base 4, what is 3 - -31002?
31011
In base 4, what is 10 + 1313?
1323
In base 12, what is -44 - -a?
-36
In base 5, what is 34230 + 4?
34234
In base 2, what is -10011 - -1001000010?
1000101111
In base 9, what is 3 + 2481?
2484
In base 12, what is 5 + 1a?
23
In base 9, what is 8 - 3437?
-3428
In base 2, what is 101 + 101101?
110010
In base 6, what is 51 - 15?
32
In base 5, what is -123 - 204?
-332
In base 9, what is 3 - -52?
55
In base 7, what is 13414 + -1?
13413
In base 8, what is -133 + 0?
-133
In base 5, what is 40 + -2003?
-1413
In base 16, what is 13c - e?
12e
In base 8, what is -12451 + 4?
-12445
In base 9, what is 114 - 5?
108
In base 8, what is -543 + -10?
-553
In base 14, what is -19 - -c?
-b
In base 6, what is 235 - 0?
235
In base 2, what is 1100001010 + -10?
1100001000
In base 5, what is 4 - -3101?
3110
In base 14, what is -699 + -5?
-6a0
In base 5, what is -304 - -1?
-303
In base 15, what is -16b - 3?
-16e
In base 7, what is -1 + 14416?
14415
In base 9, what is 1 + 785?
786
In base 5, what is 10 + 343?
403
In base 10, what is 6 + 109?
115
In base 6, what is -5202 - -1?
-5201
In base 16, what is 0 - -d01?
d01
In base 2, what is -10 + 1100111010?
1100111000
In base 16, what is 5 - -3eb?
3f0
In base 5, what is -23210 - -3?
-23202
In base 8, what is -2763 + -3?
-2766
In base 9, what is 38 + 17?
56
In base 12, what is 840 - 26?
816
In base 2, what is 101 + 1010100000000?
1010100000101
In base 2, what is 10 - -10011111110?
10100000000
In base 4, what is 2 + -13023?
-13021
In base 7, what is -11 + -62?
-103
In base 4, what is -1 - 200?
-201
In base 8, what is 5 + -763?
-756
In base 15, what is -14 + -4?
-18
In base 11, what is -3 - 1321?
-1324
In base 12, what is -6 + 129?
123
In base 9, what is -35 + 88?
53
In base 6, what is 5 - 424?
-415
In base 11, what is 1022 - 5?
1018
In base 13, what is 21 + -3a?
-19
In base 2, what is -10001011 - 10?
-10001101
In base 7, what is 22 - -112?
134
In base 13, what is 1 - -3c?
40
In base 3, what is -2 + 10101202?
10101200
In base 14, what is -6 + -2?
-8
In base 2, what is 10 - 101010011100?
-101010011010
In base 8, what is -471 - -1?
-470
In base 15, what is -24 + 2?
-22
In base 7, what is -26 + -31?
-60
In base 3, what is 2 - -220?
222
In base 13, what is 141 + -5?
139
In base 4, what is 1 + -1310?
-1303
In base 2, what is 1100100100000 - 101?
1100100011011
In base 15, what is -4 + -7?
-b
In base 16, what is 2b + -e?
1d
In base 7, what is 1 + 164?
165
In base 6, what is -1 + -130?
-131
In base 3, what is 22212 - 21?
22121
In base 4, what is 2021 + 33?
2120
In base 4, what is -301 + 13?
-222
In base 13, what is 0 + 296?
296
In base 7, what is -15 - -1011?
663
In base 8, what is -24 + -54?
-100
In base 16, what is -3 + 21?
1e
In base 4, what is -30100 - -20?
-30020
In base 14, what is 747 + -5?
742
In base 12, what is 3 - -72?
75
In base 6, what is 0 - -14?
14
In base 14, what is 7 + 6?
d
In base 12, what is -1434 + -1?
-1435
In base 2, what is -110 + -1001100?
-1010010
In base 10, what is 5 - -727?
732
In base 4, what is -11 - -2231?
2220
In base 2, what is 1000111000 + -100?
1000110100
In base 6, what is 3200 - 4?
3152
In base 12, what is -6 - 12b?
-135
In base 2, what is -1 + 110101111?
110101110
In base 9, what is 2858 - 6?
2852
In base 14, what is -4 - -134?
130
In base 15, what is -5 + -57?
-5c